 is divided by 1823?
1822
Calculate the remainder when 179175 is divided by 20.
15
Calculate the remainder when 341171 is divided by 75.
71
What is the remainder when 2614 is divided by 2569?
45
Calculate the remainder when 23081195 is divided by 123.
122
What is the remainder when 1416 is divided by 281?
11
What is the remainder when 47558 is divided by 23762?
34
Calculate the remainder when 488837 is divided by 404.
401
What is the remainder when 10736 is divided by 265?
136
Calculate the remainder when 439742 is divided by 37.
34
Calculate the remainder when 5502 is divided by 43.
41
What is the remainder when 18836 is divided by 31?
19
Calculate the remainder when 813954 is divided by 306.
300
Calculate the remainder when 62238 is divided by 32.
30
What is the remainder when 2956 is divided by 722?
68
What is the remainder when 18959 is divided by 9454?
51
What is the remainder when 4760 is divided by 1189?
4
Calculate the remainder when 11046 is divided by 502.
2
Calculate the remainder when 12371 is divided by 960.
851
Calculate the remainder when 45279 is divided by 58.
39
What is the remainder when 54093 is divided by 13?
0
Calculate the remainder when 6582 is divided by 71.
50
What is the remainder when 45798 is divided by 100?
98
What is the remainder when 15429 is divided by 80?
69
What is the remainder when 44329 is divided by 310?
309
Calculate the remainder when 51462 is divided by 39.
21
What is the remainder when 5473 is divided by 1671?
460
Calculate the remainder when 1455 is divided by 116.
63
What is the remainder when 45531 is divided by 388?
135
Calculate the remainder when 1742 is divided by 16.
14
Calculate the remainder when 360 is divided by 271.
89
What is the remainder when 1222037 is divided by 407337?
26
What is the remainder when 5433 is divided by 21?
15
Calculate the remainder when 5643 is divided by 1759.
366
Calculate the remainder when 31267 is divided by 370.
187
What is the remainder when 58935 is divided by 17?
13
Calculate the remainder when 793617 is divided by 10.
7
Calculate the remainder when 1346806 is divided by 10.
6
What is the remainder when 75177 is divided by 25058?
3
What is the remainder when 817 is divided by 119?
103
What is the remainder when 1435999 is divided by 226?
221
Calculate the remainder when 1694104 is divided by 26.
22
What is the remainder when 105302 is divided by 466?
452
What is the remainder when 973 is divided by 948?
25
Calculate the remainder when 24098 is divided by 234.
230
Calculate the remainder when 28968 is divided by 403.
355
Calculate the remainder when 9251758 is divided by 10.
8
What is the remainder when 4302 is divided by 4058?
244
Calculate the remainder when 54441 is divided by 864.
9
What is the remainder when 4393676 is divided by 6?
2
Calculate the remainder when 49084 is divided by 5453.
7
What is the remainder when 4166 is divided by 1296?
278
What is the remainder when 186 is divided by 4?
2
Calculate the remainder when 57633 is divided by 57614.
19
Calculate the remainder when 2516 is divided by 44.
8
Calculate the remainder when 92122 is divided by 25.
22
What is the remainder when 912 is divided by 216?
48
Calculate the remainder when 17790 is divided by 178.
168
Calculate the remainder when 11587 is divided by 3759.
310
Calculate the remainder when 32833 is divided by 388.
241
What is the remainder when 5469 is divided by 275?
244
What is the remainder when 564 is divided by 247?
70
What is the remainder when 294295 is divided by 429?
1
What is the remainder when 66491 is divided by 413?
411
Calculate the remainder when 50312 is divided by 416.
392
Calculate the remainder when 2402 is divided by 1199.
4
Calculate the remainder when 105306 is divided by 17549.
12
Calculate the remainder when 20504 is divided by 1366.
14
What is the remainder when 2471 is divided by 1393?
1078
Calculate the remainder when 11768 is divided by 20.
8
What is the remainder when 53881 is divided by 4897?
14
What is the remainder when 4588 is divided by 861?
283
What is the remainder when 6398 is divided by 49?
28
What is the remainder when 239694 is divided by 528?
510
Calculate the remainder when 5835 is divided by 307.
2
Calculate the remainder when 8640318 is divided by 16.
14
What is the remainder when 107 is divided by 23?
15
Calculate the remainder when 10680 is divided by 101.
75
Calculate the remainder when 759904 is divided by 666.
664
Calculate the remainder when 329727 is divided by 184.
183
What is the remainder when 1092 is divided by 177?
30
What is the remainder when 181285 is divided by 23?
22
What is the remainder when 186559 is divided by 93?
1
Calculate the remainder when 1223 is divided by 133.
26
What is the remainder when 6735 is divided by 70?
15
What is the remainder when 8187 is divided by 410?
397
Calculate the remainder when 15125 is divided by 275.
0
What is the remainder when 69791 is divided by 495?
491
Calculate the remainder when 292740 is divided by 29273.
10
Calculate the remainder when 59198 is divided by 18.
14
Calculate the remainder when 95808 is divided by 1475.
1408
Calculate the remainder when 3692392 is divided by 49.
46
Calculate the remainder when 260302 is divided by 83.
14
Calculate the remainder when 51926 is divided by 2257.
15
What is the remainder when 113641 is divided by 434?
367
What is the remainder when 362282 is divided by 22?
8
What is the remainder when 7908557 is divided by 44?
41
Calculate the remainder when 732560 is divided by 238.
234
Calculate the remainder when 20647 is divided by 10288.
71
Calculate the remainder when 112554 is divided by 8652.
78
What is the remainder when 34002 is divided by 829?
13
What is the remainder when 803634 is divided by 772?
754
What is the remainder when 8544 is divided by 80?
64
What is the remainder when 116990 is divided by 41?
17
What is the remainder when 6359 is divided by 429?
353
What is the remainder when 3989 is divided by 26?
11
Calculate the remainder when 100560 is divided by 2011.
10
What is the remainder when 5363 is divided by 37?
35
What is the remainder when 574273 is divided by 69?
55
What is the remainder when 282063 is divided by 159?
156
What is the remainder when 398197 is divided by 206?
205
What is the remainder when 3449 is divided by 1126?
71
What is the remainder when 875522 is divided by 433?
429
Calculate the remainder when 12220 is divided by 66.
10
What is the remainder when 14252 is divided by 7093?
66
Calculate the remainder when 3014 is divided by 157.
31
Calculate the remainder when 22385 is divided by 294.
41
Calculate the remainder when 957 is divided by 289.
90
What is the remainder when 1187617 is divided by 389?
0
Calculate the remainder when 6984 is divided by 1161.
18
What is the remainder when 54616 is divided by 62?
56
What is the remainder when 16182 is divided by 2311?
5
Calculate the remainder when 17124 is divided by 25.
24
What is the remainder when 16960 is divided by 16866?
94
What is the remainder when 16726 is divided by 41?
39
What is the remainder when 1768 is divided by 405?
148
What is the remainder when 3528 is divided by 2149?
1379
What is the remainder when 8785 is divided by 169?
166
What is the remainder when 115659 is divided by 267?
48
What is the remainder when 157597 is divided by 107?
93
What is the remainder when 24781 is divided by 4129?
7
Calculate the remainder when 159200 is divided by 268.
8
Calculate the remainder when 751791 is divided by 185.
136
What is the remainder when 1648 is divided by 13?
10
What is the remainder when 6804 is divided by 120?
84
What is the remainder when 41369 is divided by 25?
19
Calculate the remainder when 5124 is divided by 1130.
604
Calculate the remainder when 4332740 is divided by 57.
56
What is the remainder when 33282 is divided by 494?
184
Calculate the remainder when 1488 is divided by 297.
3
Calculate the remainder when 4417 is divided by 543.
73
Calculate the remainder when 188436 is divided by 20935.
21
Calculate the remainder when 44177 is divided by 263.
256
Calculate the remainder when 9040 is divided by 25.
15
Calculate the remainder when 6660 is divided by 322.
220
Calculate the remainder when 27617 is divided by 5.
2
Calculate the remainder when 54878 